{"id":24,"date":"2016-06-20T23:08:36","date_gmt":"2016-06-20T21:08:36","guid":{"rendered":"http:\/\/blog.messae.org\/?page_id=24"},"modified":"2016-06-20T23:08:36","modified_gmt":"2016-06-20T21:08:36","slug":"a-propos","status":"publish","type":"page","link":"http:\/\/blog.messae.org\/?page_id=24","title":{"rendered":"A propos"},"content":{"rendered":"<h2>A propos<\/h2>\n<p style=\"text-align: justify;\">Le projet <em>messae<\/em> (sans majuscule) est directement d\u00e9riv\u00e9 du code du projet <a title=\"Projet sylabe\" href=\"http:\/\/www.sylabe.org\" target=\"_blank\">sylabe<\/a> et est bas\u00e9 sur les principes soutenus par le projet <a title=\"Projet nebule\" href=\"http:\/\/www.nebule.org\" target=\"_blank\">nebule<\/a>. L\u00e0 o\u00f9 <em>sylabe<\/em> est g\u00e9n\u00e9raliste et permet de montrer tout ce que l&rsquo;on peut faire avec les objets et liens de <em>nebule<\/em>,\u00c2\u00a0<em>messae<\/em> est sp\u00e9cialis\u00e9 dans le partage de conversations et de messages.<\/p>\n","protected":false},"excerpt":{"rendered":"<p>A propos Le projet messae (sans majuscule) est directement d\u00e9riv\u00e9 du code du projet sylabe et est bas\u00e9 sur les principes soutenus par le projet nebule. L\u00e0 o\u00f9 sylabe est g\u00e9n\u00e9raliste et permet de montrer tout ce que l&rsquo;on peut faire avec les objets et liens de nebule,\u00c2\u00a0messae est sp\u00e9cialis\u00e9 dans le partage de conversations &hellip; <a href=\"http:\/\/blog.messae.org\/?page_id=24\" class=\"more-link\">Continuer la lecture de <span class=\"screen-reader-text\">A propos<\/span><\/a><\/p>\n","protected":false},"author":1,"featured_media":0,"parent":0,"menu_order":10,"comment_status":"open","ping_status":"open","template":"","meta":[],"_links":{"self":[{"href":"http:\/\/blog.messae.org\/index.php?rest_route=\/wp\/v2\/pages\/24"}],"collection":[{"href":"http:\/\/blog.messae.org\/index.php?rest_route=\/wp\/v2\/pages"}],"about":[{"href":"http:\/\/blog.messae.org\/index.php?rest_route=\/wp\/v2\/types\/page"}],"author":[{"embeddable":true,"href":"http:\/\/blog.messae.org\/index.php?rest_route=\/wp\/v2\/users\/1"}],"replies":[{"embeddable":true,"href":"http:\/\/blog.messae.org\/index.php?rest_route=%2Fwp%2Fv2%2Fcomments&post=24"}],"version-history":[{"count":1,"href":"http:\/\/blog.messae.org\/index.php?rest_route=\/wp\/v2\/pages\/24\/revisions"}],"predecessor-version":[{"id":25,"href":"http:\/\/blog.messae.org\/index.php?rest_route=\/wp\/v2\/pages\/24\/revisions\/25"}],"wp:attachment":[{"href":"http:\/\/blog.messae.org\/index.php?rest_route=%2Fwp%2Fv2%2Fmedia&parent=24"}],"curies":[{"name":"wp","href":"https:\/\/api.w.org\/{rel}","templated":true}]}}